/((-3)/9 - -1). Let d be w/((-6)/(-4))*4. Calculate the greatest common divisor of d and 12.
4
Let q = -35 + 55. Let p(w) = w**3 + 3*w**2 + w + 1. Let b be p(-2). Let n be (-32)/(-6)*10*b. What is the highest common divisor of n and q?
20
Let q(u) = -u**2 - 13*u - 6. Let y be q(-12). What is the highest common factor of 6 and y?
6
Suppose -m + 4*m - 315 = 0. Let k be 7*(-2 + 3)*1. Let p = 14 + k. Calculate the greatest common divisor of p and m.
21
Suppose i - c = 9, -4*i + 11 = -5*i - 3*c. Suppose -i*p + 23 - 7 = 0. What is the greatest common divisor of p and 2?
2
Let y(d) = -d**3 + d**2 + 34. Let f be y(0). Suppose -3*w = -q - w - 1, f = q + 5*w. What is the highest common divisor of q and 45?
9
Let s(c) = -7*c - c + 3 + 0*c**2 + c**2. Let w be s(8). Let x(b) = 2*b - 2. Let u be x(7). Calculate the highest common divisor of u and w.
3
Let p(d) = -14*d**3 + d**2. Let u be p(-1). Calculate the greatest common divisor of u and 45.
15
Let g = 65 - 45. What is the greatest common divisor of 10 and g?
10
Let o = -194 + 319. What is the greatest common divisor of o and 5?
5
Let f be (-3)/(-2) + (-103)/(-2). Suppose 5*k - f = 2*l - 1, 3*l + 43 = 4*k. Let y = 6 + k. Calculate the highest common divisor of 16 and y.
16
Let w(i) = -2*i**3 - 4*i + 3. Let m be w(2). Let p be 100/28 + (-9)/m. What is the highest common divisor of p and 32?
4
Let f = -276 - -117. Let j be 0 - (3 + f) - 2. What is the highest common divisor of j and 14?
14
Let s = 324 - -25. Let b(o) = o**2 - 4*o - 2. Let h be b(5). Suppose 4*k = -h*v + s, 5*v - k - 599 = k. Calculate the greatest common divisor of 17 and v.
17
Let z(m) = -27*m - 3. Let w be z(-1). Calculate the highest common factor of w and 12.
12
Suppose 0 = -u + 4*u - k - 19, 2*k - 4 = 0. Let h be -1 - 7/((-21)/24). What is the highest common factor of u and h?
7
Suppose -2*j + 3 - 1 = -4*n, 2*j - 10 = 0. Let b be -6*(-2 - -1)/1. Calculate the highest common divisor of b and n.
2
Let z = -35 - -49. Let s(v) = 4*v - 18. Let p be s(8). Calculate the highest common divisor of z and p.
14
Let x = 12 + -1. What is the greatest common factor of x and 176?
11
Let w(u) = u**2 + 2*u - 3. Let l be w(3). What is the highest common divisor of l and 18?
6
Let w = 89 + -51. Let n be (-4)/(0 - 4/w). Suppose n = p - 39. Calculate the greatest common divisor of p and 7.
7
Let n = 241 + -151. What is the highest common divisor of n and 10?
10
Let p(g) = -6*g - 6. Let k be p(-11). Calculate the greatest common factor of 6 and k.
6
Suppose -3*c - 2*b = -55 - 3, 3*b = 3*c - 48. Calculate the highest common factor of c and 27.
9
Let v = 50 - 32. Calculate the greatest common divisor of 18 and v.
18
Suppose 3*g - 6 = -0. Suppose g*y - 24 = -2*y - 4*a, -2*a - 54 = -4*y. Let q = -14 + 25. Calculate the greatest common factor of q and y.
11
Suppose -5*z + 110 = -0*z. Let d be 94/10 - (-6)/(-15). Let i be (0 + 6/d)*3. Calculate the greatest common factor of z and i.
2
Let o(r) = -3*r + 3. Let z be o(-6). Let g = z - 3. Calculate the greatest common factor of 6 and g.
6
Suppose 0 = 4*f - 3*f. Let x be -1 - -12 - (f - -3). Calculate the highest common divisor of x and 12.
4
Suppose 2*b = 4*b - 44. Calculate the highest common divisor of 11 and b.
11
Let x be (-1)/(2*(-3)/240). What is the highest common divisor of 16 and x?
8
Suppose -3*c = -3*t - 75, -3*c + 144 = -5*t + 23. Let n = 35 + t. Calculate the greatest common factor of 12 and n.
12
Let w be (-1 + -2)/((-3)/5). Suppose -279 = -4*q - i, -5*q + 239 + 106 = w*i. Calculate the greatest common divisor of q and 28.
14
Let c be 1/((-658)/220 + 3). Suppose 2*i = 4*i - c. What is the greatest common factor of i and 5?
5
Let o = 4 - 2. Let b(n) = 3*n + 9. Let a(i) = -i + 1. Let p(f) = 2*a(f) + b(f). Let r be p(-5). Calculate the highest common factor of o and r.
2
Let m = 68 - 67. Let u be (-92)/(-28) + 2/(-7). Calculate the greatest common factor of m and u.
1
Let x be 3 - 2 - 36/(-4). Let p be 6/x + (-27)/(-5). Calculate the highest common divisor of 54 and p.
6
Let l(c) = -12*c - 2*c - c. Let p be l(-1). Let v = 30 - p. Calculate the greatest common divisor of 10 and v.
5
Let f be (-14 - -5)*(-2)/6. Calculate the greatest common divisor of 3 and f.
3
Let h be -2 + 2 - (-260)/5. What is the highest common divisor of 130 and h?
26
Let v be 4/(-6) + (-128)/(-12). Let y(u) = 4*u**2 - 3*u. Let f(j) = -j + 8. Let w be f(6). Let z be y(w). What is the highest common factor of z and v?
10
Suppose -2*l - 2*l = 3*t + 7, -t - 13 = -4*l. Suppose 3*v = l*v + b + 19, 94 = 4*v + 5*b. What is the greatest common factor of v and 63?
21
Let j be 3/2*158/3. Suppose 3*r + i - j = 0, -77 = -4*r + r - 2*i. What is the greatest common divisor of 9 and r?
9
Let v = 16 - 9. What is the highest common factor of 49 and v?
7
Suppose -36 + 48 = 4*b. What is the highest common factor of b and 9?
3
Suppose -189 = -10*h - 9. Calculate the greatest common divisor of h and 81.
9
Let n = 31 + -13. What is the highest common divisor of 162 and n?
18
Let g = -15 + 17. Suppose 0 = -g*b + 4*b - 34. What is the greatest common factor of 85 and b?
17
Let s be (-146)/(-6) - 3/9. Suppose 0 = j - 5*b - 259, 2*j + 3*b = -2*b + 533. What is the greatest common divisor of s and j?
24
Let i(c) = c + 11. Let q be i(-8). Let s be q/(-6)*360/(-2). What is the greatest common factor of 10 and s?
10
Let k(m) = 10*m**2 - 9*m - 9. Let r be k(-6). Calculate the highest common divisor of 15 and r.
15
Let s(k) = -k**3 + 6*k**2 + 11*k - 7. Let w be s(7). What is the greatest common factor of 84 and w?
21
Let c be (-27 - -63)*2/3. What is the greatest common divisor of 12 and c?
12
Let h(v) = 3*v**3 - 5*v**2 + 5. Suppose 18 = -2*l + 5*r, -2*l + 5*l = -3*r - 6. Let d be h(l). Let g = -159 - d. What is the highest common factor of 12 and g?
12
Let v be (-1)/(1/2*-2). Let w(i) = -i**3 + 7*i**2 - 7*i + 9. Let z be w(6). Calculate the highest common factor of v and z.
1
Let d = -43 - -49. Let x be (48/(-10))/((-3)/15). Calculate the highest common divisor of d and x.
6
Let p = -5 - -2. Let c = -1 - p. Let u be (c + 0)/(4/40). What is the highest common divisor of u and 10?
10
Suppose -5*p = 2*z - 12, z + 12 = 3*z + 4*p. Calculate the highest common divisor of z and 18.
6
Let p = -21 + 51. Calculate the greatest common factor of p and 45.
15
Let o(z) = -6*z**2 - 8 + 3*z - 2*z**3 + 3 + 2*z + 2. Let h be o(-5). What is the highest common divisor of 8 and h?
8
Let t be 1572/14 + (-2)/7. Suppose 5*a + 4*i - 57 - 11 = 0, 61 = 4*a + i. What is the greatest common divisor of t and a?
16
Let r = 5 - -1. Suppose n + 0*k + 4*k = r, 0 = -5*n + k + 30. What is the highest common factor of 54 and n?
6
Suppose -5*o - m + 21 = 0, 9 = 2*o + 3*m - 2. What is the greatest common factor of o and 28?
4
Suppose 3*v - 2*s - 21 = 17, -2*v + 18 = -5*s. Suppose 0 = -2*k - k + 111. Let o = 93 - k. Calculate the greatest common factor of v and o.
14
Let d(u) = 3*u**2 + 5*u**2 - 2*u - 4*u**2 + u**3 - 1. Let w be d(3). Let h be (-210)/40*8/(-6). What is the greatest common factor of h and w?
7
Let r(l) = l**3 - 3*l**2 + 4*l - 4. Let i be r(3). Let m = 53 + -52. What is the greatest common divisor of i and m?
1
Let z = -10 + 20. Suppose 144 - 69 = 5*t. Calculate the highest common divisor of t and z.
5
Suppose -5*g + 58 = 18. Suppose 0 = -2*t + 3 + 1. Suppose -t*l + 58 = 3*b, 1 = -2*b + 3*b - 3*l. Calculate the highest common divisor of b and g.
8
Let i be 35/15 + (-2)/6. Let o(h) be the second derivative of h**4/3 - h**3/2 + h**2 + h. Let j be o(i). What is the greatest common divisor of j and 30?
6
Let q(l) be the third derivative of l**6/120 + l**5/6 - 11*l**4/24 + 11*l**3/6 - 6*l**2. Let n be q(-11). Calculate the greatest common divisor of n and 11.
11
Let a = 0 + 3. Suppose -4*t + 3 = a*i - 4, 5*i + 35 = 5*t. Suppose -27 = -t*x + 29. Calculate the highest common divisor of 98 and x.
14
Let z = 4 + -1. Suppose -4*q - z*f + 52 = 0, 2*q - 3*f = 2 + 6. Suppose -r + 16 = 3*r. What is the greatest common factor of q and r?
2
Suppose 226 - 10 = 9*d. Suppose 2*c - 5 = 3. Suppose c*f = 5*f + 4, g + f = 0. Calculate the highest common factor of d and g.
4
Let i = -3 - 1. Let f be ((-12)/10)/(i/(-10)). Let h(c) = -c**3 + c**2 + c + 2. Let j be h(f). What is the highest common factor of j 